{"id":141,"date":"2025-02-20T13:24:08","date_gmt":"2025-02-20T13:24:08","guid":{"rendered":"https:\/\/okaamedia.no\/?page_id=141"},"modified":"2025-03-06T13:35:04","modified_gmt":"2025-03-06T13:35:04","slug":"prosjekter","status":"publish","type":"page","link":"https:\/\/okaamedia.no\/?page_id=141","title":{"rendered":"Prosjekter"},"content":{"rendered":"\n<hr class=\"wp-block-separator has-alpha-channel-opacity\"\/>\n\n\n\n<div class=\"wp-block-cover is-light\" style=\"padding-top:0;padding-bottom:0;min-height:417px;aspect-ratio:unset;\"><span aria-hidden=\"true\" class=\"wp-block-cover__background has-background-dim-0 has-background-dim\" style=\"background-color:#FFF\"><\/span><video class=\"wp-block-cover__video-background intrinsic-ignore\" autoplay muted loop playsinline src=\"https:\/\/okaamedia.no\/wp-content\/uploads\/2025\/03\/FINAL.mp4\" style=\"object-position:39% 55%\" data-object-fit=\"cover\" data-object-position=\"39% 55%\"><\/video><div class=\"wp-block-cover__inner-container has-global-padding is-layout-constrained wp-block-cover-is-layout-constrained\">\n<p class=\"has-text-align-center has-text-color has-background has-link-color has-poppins-font-family has-x-large-font-size wp-elements-5b8b6ac0ce701f8723666fe443a5936d\" style=\"border-radius:100px;color:#fffefe;background-color:#00000073;margin-top:0;margin-bottom:0;padding-top:0;padding-bottom:0;font-style:normal;font-weight:800;text-transform:capitalize\">V\u00e5res prosjekter<\/p>\n<\/div><\/div>\n\n\n\n<h2 class=\"wp-block-heading\" style=\"text-transform:capitalize\">Sjakk turnering<\/h2>\n\n\n\n<p>Vi reklamiserte og filmte for en sjakk turnering p\u00e5 hamar katedralskole. hovedprinsippet gikk ut p\u00e5 reklamisere for selve eventet og filmte selve eventet.<\/p>\n\n\n\n<div class=\"wp-block-cb-carousel cb-single-slide\" data-slick=\"{&quot;slidesToShow&quot;:1,&quot;slidesToScroll&quot;:1,&quot;speed&quot;:200,&quot;arrows&quot;:true,&quot;dots&quot;:false,&quot;autoplay&quot;:false,&quot;autoplaySpeed&quot;:3000,&quot;infinite&quot;:false,&quot;responsive&quot;:[{&quot;breakpoint&quot;:769,&quot;settings&quot;:{&quot;slidesToShow&quot;:1,&quot;slidesToScroll&quot;:1}}]}\">\n<div class=\"wp-block-cb-slide\">\n<figure class=\"wp-block-image size-large\"><img loading=\"lazy\" decoding=\"async\" width=\"683\" height=\"1024\" src=\"https:\/\/okaamedia.no\/wp-content\/uploads\/2025\/03\/1-3-683x1024.png\" alt=\"\" class=\"wp-image-215\" style=\"aspect-ratio:1;object-fit:cover\" srcset=\"https:\/\/okaamedia.no\/wp-content\/uploads\/2025\/03\/1-3-683x1024.png 683w, https:\/\/okaamedia.no\/wp-content\/uploads\/2025\/03\/1-3-200x300.png 200w, https:\/\/okaamedia.no\/wp-content\/uploads\/2025\/03\/1-3-768x1151.png 768w, https:\/\/okaamedia.no\/wp-content\/uploads\/2025\/03\/1-3.png 962w\" sizes=\"auto, (max-width: 683px) 100vw, 683px\" \/><\/figure>\n<\/div>\n\n\n\n<div class=\"wp-block-cb-slide\">\n<figure class=\"wp-block-image size-large\"><img loading=\"lazy\" decoding=\"async\" width=\"683\" height=\"1024\" src=\"https:\/\/okaamedia.no\/wp-content\/uploads\/2025\/03\/2-6-683x1024.png\" alt=\"\" class=\"wp-image-221\" style=\"aspect-ratio:1;object-fit:cover\" srcset=\"https:\/\/okaamedia.no\/wp-content\/uploads\/2025\/03\/2-6-683x1024.png 683w, https:\/\/okaamedia.no\/wp-content\/uploads\/2025\/03\/2-6-200x300.png 200w, https:\/\/okaamedia.no\/wp-content\/uploads\/2025\/03\/2-6-768x1151.png 768w, https:\/\/okaamedia.no\/wp-content\/uploads\/2025\/03\/2-6.png 962w\" sizes=\"auto, (max-width: 683px) 100vw, 683px\" \/><\/figure>\n<\/div>\n\n\n\n<div class=\"wp-block-cb-slide\">\n<figure style=\"margin-top:var(--wp--preset--spacing--60);margin-right:0;margin-bottom:var(--wp--preset--spacing--60);margin-left:0\" class=\"wp-block-video\"><video height=\"1080\" style=\"aspect-ratio: 1920 \/ 1080;\" width=\"1920\" controls src=\"https:\/\/okaamedia.no\/wp-content\/uploads\/2025\/03\/sjakk-4.mp4\"><\/video><\/figure>\n<\/div>\n\n\n\n<div class=\"wp-block-cb-slide\">\n<figure class=\"wp-block-image size-large\"><img loading=\"lazy\" decoding=\"async\" width=\"1024\" height=\"576\" src=\"https:\/\/okaamedia.no\/wp-content\/uploads\/2025\/03\/sjakk-plakat-v3-1-1024x576.png\" alt=\"\" class=\"wp-image-222\" srcset=\"https:\/\/okaamedia.no\/wp-content\/uploads\/2025\/03\/sjakk-plakat-v3-1-1024x576.png 1024w, https:\/\/okaamedia.no\/wp-content\/uploads\/2025\/03\/sjakk-plakat-v3-1-300x169.png 300w, https:\/\/okaamedia.no\/wp-content\/uploads\/2025\/03\/sjakk-plakat-v3-1-768x432.png 768w, https:\/\/okaamedia.no\/wp-content\/uploads\/2025\/03\/sjakk-plakat-v3-1-1536x864.png 1536w, https:\/\/okaamedia.no\/wp-content\/uploads\/2025\/03\/sjakk-plakat-v3-1.png 1920w\" sizes=\"auto, (max-width: 1024px) 100vw, 1024px\" \/><\/figure>\n<\/div>\n<\/div>\n\n\n\n<hr class=\"wp-block-separator has-alpha-channel-opacity\"\/>\n\n\n\n<h2 class=\"wp-block-heading\">Konsert<\/h2>\n\n\n\n<p>Vi har v\u00e6rt p\u00e5 Hamar teater og filmet konsert for armatage shanks vi redigerte ogs\u00e5 klipp fra selve konserten, s\u00e5nn at det kunne bli brukt til sosiale medier.<\/p>\n\n\n\n<div class=\"wp-block-cb-carousel cb-single-slide\" data-slick=\"{&quot;slidesToShow&quot;:1,&quot;slidesToScroll&quot;:1,&quot;speed&quot;:300,&quot;arrows&quot;:true,&quot;dots&quot;:true,&quot;autoplay&quot;:false,&quot;autoplaySpeed&quot;:3000,&quot;infinite&quot;:false,&quot;responsive&quot;:[{&quot;breakpoint&quot;:769,&quot;settings&quot;:{&quot;slidesToShow&quot;:1,&quot;slidesToScroll&quot;:1}}]}\">\n<div class=\"wp-block-cb-slide\">\n<figure class=\"wp-block-image size-large\"><img loading=\"lazy\" decoding=\"async\" width=\"683\" height=\"1024\" src=\"https:\/\/okaamedia.no\/wp-content\/uploads\/2025\/03\/3-683x1024.png\" alt=\"\" class=\"wp-image-224\" style=\"aspect-ratio:1;object-fit:cover\" srcset=\"https:\/\/okaamedia.no\/wp-content\/uploads\/2025\/03\/3-683x1024.png 683w, https:\/\/okaamedia.no\/wp-content\/uploads\/2025\/03\/3-200x300.png 200w, https:\/\/okaamedia.no\/wp-content\/uploads\/2025\/03\/3-768x1151.png 768w, https:\/\/okaamedia.no\/wp-content\/uploads\/2025\/03\/3.png 962w\" sizes=\"auto, (max-width: 683px) 100vw, 683px\" \/><\/figure>\n<\/div>\n\n\n\n<div class=\"wp-block-cb-slide\">\n<figure class=\"wp-block-image size-large\"><img loading=\"lazy\" decoding=\"async\" width=\"962\" height=\"1442\" src=\"https:\/\/okaamedia.no\/wp-content\/uploads\/2025\/03\/4-683x1024.png\" alt=\"\" class=\"wp-image-225\" style=\"aspect-ratio:1;object-fit:cover\" srcset=\"https:\/\/okaamedia.no\/wp-content\/uploads\/2025\/03\/4-683x1024.png 683w, https:\/\/okaamedia.no\/wp-content\/uploads\/2025\/03\/4-200x300.png 200w, https:\/\/okaamedia.no\/wp-content\/uploads\/2025\/03\/4-768x1151.png 768w, https:\/\/okaamedia.no\/wp-content\/uploads\/2025\/03\/4.png 962w\" sizes=\"auto, (max-width: 962px) 100vw, 962px\" \/><\/figure>\n<\/div>\n\n\n\n<div class=\"wp-block-cb-slide\">\n<figure class=\"wp-block-image size-large\"><img loading=\"lazy\" decoding=\"async\" width=\"683\" height=\"1024\" src=\"https:\/\/okaamedia.no\/wp-content\/uploads\/2025\/03\/5-683x1024.png\" alt=\"\" class=\"wp-image-226\" style=\"aspect-ratio:1;object-fit:cover\" srcset=\"https:\/\/okaamedia.no\/wp-content\/uploads\/2025\/03\/5-683x1024.png 683w, https:\/\/okaamedia.no\/wp-content\/uploads\/2025\/03\/5-200x300.png 200w, https:\/\/okaamedia.no\/wp-content\/uploads\/2025\/03\/5-768x1151.png 768w, https:\/\/okaamedia.no\/wp-content\/uploads\/2025\/03\/5.png 962w\" sizes=\"auto, (max-width: 683px) 100vw, 683px\" \/><\/figure>\n<\/div>\n\n\n\n<div class=\"wp-block-cb-slide\">\n<figure class=\"wp-block-video\"><video height=\"1080\" style=\"aspect-ratio: 1920 \/ 1080;\" width=\"1920\" controls src=\"https:\/\/okaamedia.no\/wp-content\/uploads\/2025\/03\/konsert-utkast-1.mp4\"><\/video><\/figure>\n<\/div>\n<\/div>\n\n\n\n<h2 class=\"wp-block-heading\" style=\"text-transform:capitalize\">Kokke Konkurranse<\/h2>\n\n\n\n<p>Vi filmet en kokkekonkuranse p\u00e5 storhamar videreg\u00e5ende skole. dette inneb\u00e6rer \u00e5 filme med h\u00e5ndholdte kameraer og sette opp kameraer for \u00e5 filme stasjon\u00e6rt. vi filmet ogs\u00e5 prisutdelingen og la ut videoer p\u00e5 sosiale medier om hendelsen<\/p>\n\n\n\n<hr class=\"wp-block-separator has-alpha-channel-opacity\"\/>\n\n\n\n<div class=\"wp-block-cb-carousel cb-single-slide\" data-slick=\"{&quot;slidesToShow&quot;:1,&quot;slidesToScroll&quot;:1,&quot;speed&quot;:300,&quot;arrows&quot;:true,&quot;dots&quot;:true,&quot;autoplay&quot;:false,&quot;autoplaySpeed&quot;:3000,&quot;infinite&quot;:false,&quot;responsive&quot;:[{&quot;breakpoint&quot;:769,&quot;settings&quot;:{&quot;slidesToShow&quot;:1,&quot;slidesToScroll&quot;:1}}]}\">\n<div class=\"wp-block-cb-slide\">\n<figure class=\"wp-block-image size-large is-resized\"><img loading=\"lazy\" decoding=\"async\" width=\"683\" height=\"1024\" src=\"https:\/\/okaamedia.no\/wp-content\/uploads\/2025\/03\/7-683x1024.png\" alt=\"\" class=\"wp-image-228\" style=\"aspect-ratio:1;object-fit:cover;width:500px\" srcset=\"https:\/\/okaamedia.no\/wp-content\/uploads\/2025\/03\/7-683x1024.png 683w, https:\/\/okaamedia.no\/wp-content\/uploads\/2025\/03\/7-200x300.png 200w, https:\/\/okaamedia.no\/wp-content\/uploads\/2025\/03\/7-768x1151.png 768w, https:\/\/okaamedia.no\/wp-content\/uploads\/2025\/03\/7.png 962w\" sizes=\"auto, (max-width: 683px) 100vw, 683px\" \/><\/figure>\n<\/div>\n\n\n\n<div class=\"wp-block-cb-slide\">\n<figure class=\"wp-block-image size-large is-resized\"><img loading=\"lazy\" decoding=\"async\" width=\"683\" height=\"1024\" src=\"https:\/\/okaamedia.no\/wp-content\/uploads\/2025\/03\/8-683x1024.png\" alt=\"\" class=\"wp-image-229\" style=\"aspect-ratio:1;object-fit:cover;width:482px;height:auto\" srcset=\"https:\/\/okaamedia.no\/wp-content\/uploads\/2025\/03\/8-683x1024.png 683w, https:\/\/okaamedia.no\/wp-content\/uploads\/2025\/03\/8-200x300.png 200w, https:\/\/okaamedia.no\/wp-content\/uploads\/2025\/03\/8-768x1151.png 768w, https:\/\/okaamedia.no\/wp-content\/uploads\/2025\/03\/8.png 962w\" sizes=\"auto, (max-width: 683px) 100vw, 683px\" \/><\/figure>\n<\/div>\n\n\n\n<div class=\"wp-block-cb-slide\">\n<figure class=\"wp-block-image size-large\"><img loading=\"lazy\" decoding=\"async\" width=\"683\" height=\"1024\" src=\"https:\/\/okaamedia.no\/wp-content\/uploads\/2025\/03\/6-683x1024.png\" alt=\"\" class=\"wp-image-230\" style=\"aspect-ratio:1;object-fit:cover\" srcset=\"https:\/\/okaamedia.no\/wp-content\/uploads\/2025\/03\/6-683x1024.png 683w, https:\/\/okaamedia.no\/wp-content\/uploads\/2025\/03\/6-200x300.png 200w, https:\/\/okaamedia.no\/wp-content\/uploads\/2025\/03\/6-768x1151.png 768w, https:\/\/okaamedia.no\/wp-content\/uploads\/2025\/03\/6.png 962w\" sizes=\"auto, (max-width: 683px) 100vw, 683px\" \/><\/figure>\n<\/div>\n\n\n\n<div class=\"wp-block-cb-slide\">\n<figure class=\"wp-block-image size-full is-resized\"><img loading=\"lazy\" decoding=\"async\" width=\"754\" height=\"565\" src=\"https:\/\/okaamedia.no\/wp-content\/uploads\/2025\/03\/IMG20250220085221.webp\" alt=\"\" class=\"wp-image-231\" style=\"aspect-ratio:1;object-fit:cover;width:450px\" srcset=\"https:\/\/okaamedia.no\/wp-content\/uploads\/2025\/03\/IMG20250220085221.webp 754w, https:\/\/okaamedia.no\/wp-content\/uploads\/2025\/03\/IMG20250220085221-300x225.webp 300w\" sizes=\"auto, (max-width: 754px) 100vw, 754px\" \/><\/figure>\n<\/div>\n\n\n\n<div class=\"wp-block-cb-slide\">\n<figure class=\"wp-block-image size-full\"><img loading=\"lazy\" decoding=\"async\" width=\"424\" height=\"565\" src=\"https:\/\/okaamedia.no\/wp-content\/uploads\/2025\/03\/IMG20250220134027.webp\" alt=\"\" class=\"wp-image-232\" style=\"aspect-ratio:1;object-fit:cover\" srcset=\"https:\/\/okaamedia.no\/wp-content\/uploads\/2025\/03\/IMG20250220134027.webp 424w, https:\/\/okaamedia.no\/wp-content\/uploads\/2025\/03\/IMG20250220134027-225x300.webp 225w\" sizes=\"auto, (max-width: 424px) 100vw, 424px\" \/><\/figure>\n<\/div>\n<\/div>\n\n\n\n<hr class=\"wp-block-separator has-alpha-channel-opacity\"\/>\n\n\n\n<h2 class=\"wp-block-heading\" style=\"text-transform:capitalize\">Stange<\/h2>\n\n\n\n<p>P\u00e5 stange fikk vi oppdraget om \u00e5 fotografere alle klassene. dette inneb\u00e6rte b\u00e5de portrett og gruppe bilder av hver klasse + l\u00e6rerne. Vi brukte 2 dager p\u00e5 og fotografer alle klassene. etter det redigerte vi bildene og samarbeidet med en annen UB for \u00e5 f\u00e5 ut en katalog.<\/p>\n\n\n\n<div class=\"wp-block-cb-carousel cb-single-slide\" data-slick=\"{&quot;slidesToShow&quot;:1,&quot;slidesToScroll&quot;:1,&quot;speed&quot;:300,&quot;arrows&quot;:true,&quot;dots&quot;:true,&quot;autoplay&quot;:false,&quot;autoplaySpeed&quot;:3000,&quot;infinite&quot;:false,&quot;responsive&quot;:[{&quot;breakpoint&quot;:769,&quot;settings&quot;:{&quot;slidesToShow&quot;:1,&quot;slidesToScroll&quot;:1}}]}\">\n<div class=\"wp-block-cb-slide\">\n<figure class=\"wp-block-image size-full\"><img loading=\"lazy\" decoding=\"async\" width=\"754\" height=\"565\" src=\"https:\/\/okaamedia.no\/wp-content\/uploads\/2025\/01\/IMG20250206102201-3.webp\" alt=\"\" class=\"wp-image-179\" style=\"aspect-ratio:1;object-fit:cover\" srcset=\"https:\/\/okaamedia.no\/wp-content\/uploads\/2025\/01\/IMG20250206102201-3.webp 754w, https:\/\/okaamedia.no\/wp-content\/uploads\/2025\/01\/IMG20250206102201-3-300x225.webp 300w\" sizes=\"auto, (max-width: 754px) 100vw, 754px\" \/><\/figure>\n<\/div>\n\n\n\n<div class=\"wp-block-cb-slide\">\n<figure class=\"wp-block-image size-full\"><img loading=\"lazy\" decoding=\"async\" width=\"424\" height=\"565\" src=\"https:\/\/okaamedia.no\/wp-content\/uploads\/2025\/03\/IMG20250206124130.webp\" alt=\"\" class=\"wp-image-237\" style=\"aspect-ratio:1;object-fit:cover\" srcset=\"https:\/\/okaamedia.no\/wp-content\/uploads\/2025\/03\/IMG20250206124130.webp 424w, https:\/\/okaamedia.no\/wp-content\/uploads\/2025\/03\/IMG20250206124130-225x300.webp 225w\" sizes=\"auto, (max-width: 424px) 100vw, 424px\" \/><\/figure>\n<\/div>\n\n\n\n<div class=\"wp-block-cb-slide\"><\/div>\n<\/div>\n\n\n\n<hr class=\"wp-block-separator has-alpha-channel-opacity\"\/>\n","protected":false},"excerpt":{"rendered":"<p>Sjakk turnering Vi reklamiserte og filmte for en sjakk turnering p\u00e5 hamar katedralskole. hovedprinsippet gikk ut p\u00e5 reklamisere for selve eventet og filmte selve eventet. Konsert Vi har v\u00e6rt p\u00e5 Hamar teater og filmet konsert for armatage shanks vi redigerte ogs\u00e5 klipp fra selve konserten, s\u00e5nn at det kunne bli brukt til sosiale medier. Kokke [&hellip;]<\/p>\n","protected":false},"author":1,"featured_media":0,"parent":0,"menu_order":0,"comment_status":"closed","ping_status":"closed","template":"","meta":{"footnotes":""},"class_list":["post-141","page","type-page","status-publish","hentry"],"_links":{"self":[{"href":"https:\/\/okaamedia.no\/index.php?rest_route=\/wp\/v2\/pages\/141","targetHints":{"allow":["GET"]}}],"collection":[{"href":"https:\/\/okaamedia.no\/index.php?rest_route=\/wp\/v2\/pages"}],"about":[{"href":"https:\/\/okaamedia.no\/index.php?rest_route=\/wp\/v2\/types\/page"}],"author":[{"embeddable":true,"href":"https:\/\/okaamedia.no\/index.php?rest_route=\/wp\/v2\/users\/1"}],"replies":[{"embeddable":true,"href":"https:\/\/okaamedia.no\/index.php?rest_route=%2Fwp%2Fv2%2Fcomments&post=141"}],"version-history":[{"count":22,"href":"https:\/\/okaamedia.no\/index.php?rest_route=\/wp\/v2\/pages\/141\/revisions"}],"predecessor-version":[{"id":255,"href":"https:\/\/okaamedia.no\/index.php?rest_route=\/wp\/v2\/pages\/141\/revisions\/255"}],"wp:attachment":[{"href":"https:\/\/okaamedia.no\/index.php?rest_route=%2Fwp%2Fv2%2Fmedia&parent=141"}],"curies":[{"name":"wp","href":"https:\/\/api.w.org\/{rel}","templated":true}]}}